(3).
-8
Let b(c) = -c**2 - 6*c + 111. Determine b(-14).
-1
Let n(o) = -o**2 + 5*o - 2. Give n(5).
-2
Let y(q) = -13*q - 12. Give y(8).
-116
Let u(h) = -h**2 + 31*h - 195. Calculate u(9).
3
Let k(v) = -3*v - 23. Calculate k(-8).
1
Let u(v) = -v + 20. What is u(-19)?
39
Let i(a) = -63*a - 4. Determine i(-2).
122
Let m(g) = -g**3 - 2*g**2 + 2*g + 3. Determine m(-2).
-1
Let v(m) = 4*m + 12. Calculate v(0).
12
Let m(t) = t**3 - 5*t**2 - 14. What is m(5)?
-14
Let z(o) = -o**2 - 14*o + 1. Calculate z(-14).
1
Let x(m) = -3*m + 7. Calculate x(0).
7
Let r(a) = -a**2 - 6*a - 7. Calculate r(-5).
-2
Let d(p) = 5*p - 2. Give d(1).
3
Let k(s) = s - 4. Determine k(4).
0
Let x(i) = 2*i**2 - 2*i + 7. Determine x(9).
151
Let h(v) = -13*v**2 + 2*v + 2. Give h(-1).
-13
Let h(i) = -i**3 - 4*i**2 - 4*i - 6. Determine h(-5).
39
Let m(i) = -2*i. Calculate m(1).
-2
Let a(t) = t**3 + 9*t**2 - 11*t - 9. Determine a(-10).
1
Let c(i) = -i**3 - 8*i**2 - 10*i - 13. Give c(-7).
8
Let d(n) = -3*n**2 - 13*n - 15. Calculate d(-5).
-25
Let b(p) = -p**2 + 20*p - 48. Determine b(17).
3
Let f(q) = 68*q + 208. Determine f(-3).
4
Let x(q) = q**3 - q**2 - 14*q + 34. Determine x(3).
10
Let y(g) = g**2 + 95*g + 281. Determine y(-3).
5
Let m(p) = -11*p + 1. Give m(1).
-10
Let l(a) = 3*a**2 + 4*a - 2. What is l(1)?
5
Let g(m) = -m**3 + 7*m**2 - 3*m + 20. What is g(7)?
-1
Let d(y) = -y**3 - 7*y**2 + 7*y - 17. What is d(-7)?
-66
Let i(a) = -21*a + 190. Calculate i(8).
22
Let r(n) = n - 19. Give r(8).
-11
Let w(s) = 2*s**2 - 4*s + 2. Give w(2).
2
Let u(i) = i**3 + 7*i**2 + i - 23. Give u(-6).
7
Let q(c) = -c**3 - 7*c**2 + 38*c + 235. Give q(-8).
-5
Let n(p) = -4*p - 28. Give n(-10).
12
Let h(j) = 101*j - 500. Calculate h(5).
5
Let n(k) = k**3 - 10*k**2 + 2*k - 5. Calculate n(4).
-93
Let q(h) = -h + 21. Give q(29).
-8
Let x(m) = m**2. What is x(0)?
0
Let s(m) = -m**3 - 8*m**2 + 10*m + 3. Determine s(-9).
-6
Let a(s) = 2*s + 71. Calculate a(-41).
-11
Let v(f) = 2*f**2 - 3*f - 5. Give v(6).
49
Let g(o) = o**2 - 26*o + 144. What is g(17)?
-9
Let k(y) = -y**3 - 16*y**2 - 12*y + 16. What is k(-15)?
-29
Let q(f) = -4*f + 8. What is q(15)?
-52
Let l(c) = c**2 + 4*c + 2. Determine l(-7).
23
Let n(f) = f + 39. Calculate n(-5).
34
Let r(d) = -d**2 + 5*d - 2. Calculate r(-5).
-52
Let j(s) = 11*s - 79. Calculate j(7).
-2
Let m(p) = p**2 + 17*p + 4. Calculate m(-17).
4
Let n(q) = q**3 + 4*q**2 - 2*q - 3. What is n(-4)?
5
Let s(z) = z**3 + 19*z**2 + 67*z + 114. Calculate s(-15).
9
Let d(c) = -c + 2. Determine d(-6).
8
Let k(s) = s**2 + 15*s + 8. Calculate k(-12).
-28
Let u(l) = 3*l**2 - 10*l - 19. What is u(5)?
6
Let v(p) = -p**2 - p + 12. What is v(-4)?
0
Let p(n) = -2*n**2 + 8*n + 5. What is p(6)?
-19
Let b(s) = 4*s**3 - 4*s**2 + 2*s - 3. Calculate b(3).
75
Let c(y) = 14*y + 5. Determine c(1).
19
Let u(t) = 75*t - 233. Calculate u(3).
-8
Let r(c) = c**3 + 23*c**2 + c + 17. What is r(-23)?
-6
Let r(w) = 14*w**3 + w**2 + 2. Calculate r(2).
118
Let f(k) = 2*k**3 - 15*k**2 - 69. Determine f(8).
-5
Let x(u) = u**2 - 10*u + 9. Determine x(7).
-12
Let r(s) = -s**2 + 10*s + 1. Determine r(10).
1
Let n(z) = -z**3 + 2*z**2 - 4*z + 1. Calculate n(2).
-7
Let q(r) = r**2 - 18*r + 18. Give q(17).
1
Let d(l) = l - 18. Give d(-29).
-47
Let g(k) = 2*k + 29. Calculate g(-24).
-19
Let v(p) = -p**2 + 22*p + 1. What is v(9)?
118
Let l(t) = 10*t. Determine l(5).
50
Let w(q) = q**2 + 2*q - 20. Calculate w(-6).
4
Let z(d) = d**3 - 5*d**2 - 7*d + 11. What is z(6)?
5
Let n(d) = -2*d - 19. Calculate n(6).
-31
Let z(b) = -b**3 - b**2 - b - 31. What is z(0)?
-31
Let k(s) = -s**3 - 12*s**2 - 15. Give k(-12).
-15
Let t(r) = -76*r + 83. Calculate t(1).
7
Let x(s) = -s**3 - 26*s**2 - 22*s + 53. Calculate x(-25).
-22
Let k(t) = 2*t**2 + 8*t + 5. Calculate k(4).
69
Let n(t) = -t**3 - 9*t**2 + 2*t + 14. What is n(-9)?
-4
Let q(s) = -s**2 + 14*s - 38. Calculate q(12).
-14
Let l(w) = w**3 - 2*w**2 - 8*w. Determine l(-3).
-21
Let a(i) = 12*i + 15. What is a(8)?
111
Let m(l) = 2*l**2 + 19*l - 10. Determine m(-10).
0
Let x(a) = 2*a**3 + 3. What is x(3)?
57
Let g(w) = w**3 - 5*w**2 - 5*w - 1. What is g(4)?
-37
Let f(z) = 2*z + 29. What is f(-13)?
3
Let i(l) = -l**3 - 26*l**2 - 27*l - 53. Calculate i(-25).
-3
Let j(f) = -f**2 - 2. Calculate j(0).
-2
Let a(y) = -y**2 - 20*y - 22. Determine a(-15).
53
Let o(p) = 2*p**2 - 2*p - 2. Calculate o(-2).
10
Let b(y) = -y**2 + 9*y - 21. Determine b(7).
-7
Let c(d) = d**2 + 16*d + 7. Calculate c(-16).
7
Let i(c) = 28*c + 7. Determine i(4).
119
Let y(c) = c**3 + 4*c**2 - 9*c - 18. What is y(-5)?
2
Let r(f) = 36*f - 59. What is r(2)?
13
Let b(t) = t**2 - 10*t - 10. Calculate b(4).
-34
Let t(i) = i**2 + 9*i + 22. Give t(-3).
4
Let r(g) = -5*g**2 + 2*g + 9. Calculate r(0).
9
Let y(z) = -z**2 + 18*z + 21. Calculate y(19).
2
Let v(k) = -k + 15. What is v(5)?
10
Let t(x) = x**2 + 6*x - 42. Give t(-9).
-15
Let o(q) = q**3 - 9*q**2 - 7*q - 7. Give o(10).
23
Let u(w) = -w**3 - w**2 - 3. What is u(2)?
-15
Let c(m) = -m**2 - 2*m - 2. What is c(4)?
-26
Let r(z) = z**3 - 8*z**2 + 13*z - 25. What is r(6)?
-19
Let y(o) = o**3 - 9*o**2 - 12*o + 23. Calculate y(10).
3
Let c(y) = -2*y**2 + 22*y + 24. Give c(12).
0
Let i(w) = -27*w - 268. What is i(-10)?
2
Let t(d) = -d + 10. Determine t(7).
3
Let q(v) = 7*v. Calculate q(-1).
-7
Let y(w) = -w**2 - 9*w + 1. Determine y(-10).
-9
Let d(i) = -2*i**2 + 7*i + 11. Calculate d(5).
-4
Let q(c) = -c**2 - 9*c + 10. Calculate q(-8).
18
Let g(s) = -2*s**2 - 11*s - 9. What is g(-5)?
-4
Let u(d) = 44*d - 661. Give u(15).
-1
Let p(j) = -4*j**3 + 28*j**2 - j - 6. Give p(7).
-13
Let n(s) = s**2 + 11*s - 5. Calculate n(-12).
7
Let l(d) = 41*d - 337. Determine l(8).
-9
Let h(n) = 3*n + 9. Determine h(-6).
-9
Let m(q) = -q**2 - 4*q - 5. Give m(-2).
-1
Let i(x) = x**3 + 3*x**2 - 11*x + 3. Give i(-5).
8
Let v(h) = -4*h + 165. What is v(41)?
1
Let l(m) = 2*m**3 - 23*m**2 + 11*m + 10. Give l(11).
10
Let h(f) = -2*f**3 - 2*f**2 + 4*f + 4. Determine h(-3).
28
Let t(f) = f**3 - 27*f**2 - 26*f - 65. What is t(28)?
-9
Let t(o) = -o**2 + o + 36. What is t(6)?
6
Let o(h) = -h**2 + 8*h + 4. Give o(8).
4
Let g(i) = 4*i**3 + 2*i - 1. Determine g(1).
5
Let v(k) = 2*k + 18. Give v(-8).
2
Let q(s) = -5*s - 21. Calculate q(-3).
-6
Let v(r) = 15*r**3 + 2*r**2 - 1. Give v(1).
16
Let g(m) = m**2 + 10*m + 10. Give g(-7).
-11
Let d(b) = -6*b + 19. Calculate d(-4).
43
Let f(c) = c - 66. What is f(24)?
-42
Let i(a) = a**2 - 4*a - 22. Calculate i(-7).
55
Let p(g) = -g**3 - 18*g**2 - g - 20. What is p(-18)?
-2
Let n(r) = r**3 - 6*r**2 - 4*r - 4. What is n(6)?
-28
Let c(o) = -2*o + 35. What is c(5)?
25
Let d(z) = -z**2 + 18*z - 89. Determine d(10).
-9
Let c(o) = 4*o**3 - 2*o**2 + 3*o - 1. Calculate c(2).
29
Let c(i) = -12*i + 18. What is c(5)?
-42
Let u(q) = -2*q**3 + 35*q**2 + 58*q - 13. What is u(19)?
6
Let f(y) = -y**2 - 38*y - 79. Give f(-2).
-7
Let w(q) = q**3 + 37*q**2 + 10*q + 369. Determine w(-37).
-1
Let t(k) = k**2 - 8*k - 3. Determine t(6).
-15
Let i(c) = c**3 + 6*c**2 - 2*c + 5. What is i(-5)?
40
Let l(b) = b**3 - 2*b**2 - 3*b + 3. Calculate l(3).
3
Let k(m) = 7*m - 8. Calculate k(5).
27
Let z(v) = -v**2 + 14*v - 9. Determine z(8).
39
Let x(f) = -4*f + 15. Determine x(6).
-9
Let l(j) = j**2 + 12*j + 11. Give l(-8).
-21
Let i(r) = r**3 + 2*r**2 + 2. Give i(-2).
2
Let y(m) = -2*m + 9. Determine y(-5).
19
Let u(q) = q**2 + 25*q. Determine u(-24).
-24
Let m(o) = -2*o + 20. Give m(5).
10
Let q(p) = p**2 + 13*p. Calculate q(-11).
-22
Let l(o) = -o**3 - o. Give l(-2).
10
Let r(m) = -8*m**3 - m**2 + 1. What is r(1)?
-8
Let j(h) = 4*h. Determine j(-3).
-12
Let x(n) = -n**3 + 18*n**2 + 2*n - 26. Calculate x(18).
10
Let y(d) = -11*d**2 - 3*d - 2. What is y(-3)?
-92
Let x(k) = k**2 - 2*k - 2. Determine x(3).
1
Let g(w) = -w**2 - w + 6. What is g(0)?
6
Let o(r) = 30*r - 7. What is o(-4)?
-127
Let v(x) = -x**3 + 5*x**2 + 4*x. Give v(3).
30
Let n(g) = -2*g**3 - 12*g**2 + 35*g + 18. What is n(-8)?
-6
Let c(n) = -13*n + 51. Calculate c(4).
-1
Let k(v) = v**2 + 10*v - 20. Determine k(-9).
-29
Let j(w) = -w**3 + 7*w**2 + 7*w + 11. What is j(8)?
3
Let p(a) = a**2 + 19*a + 34. Calculate p(-14).
-36
Let r(n) = -3*n**2 + 2*n - 1. Calculate r(1).
-2
Let k(j) = -j**3 + 10*j**2 + j - 8. Calculate k(10).
2
Let g(b) = -b**3 - 13*b**2 - 1